{"id":2805,"date":"2018-08-13T20:09:40","date_gmt":"2018-08-13T20:09:40","guid":{"rendered":"http:\/\/www.musikkapelle-waldstetten.de\/?page_id=2805"},"modified":"2026-03-04T15:12:41","modified_gmt":"2026-03-04T15:12:41","slug":"jugendarbeit","status":"publish","type":"page","link":"https:\/\/musikkapelle-waldstetten.de\/?page_id=2805","title":{"rendered":"Jugendarbeit"},"content":{"rendered":"<p><img loading=\"lazy\" decoding=\"async\" class=\"alignnone size-full wp-image-2988\" alt=\"MK_Jugendausbildung_2022\" src=\"https:\/\/musikkapelle-waldstetten.de\/wp-content\/uploads\/2022\/01\/MK_Jugendausbildung_2022.png\" width=\"968\" height=\"715\" \/><\/p>\n<p>&nbsp;<\/p>\n<h3 class=\"page-title\">Neuer Ausbildungskurs in Kooperation mit der Musikschule Walld\u00fcrn<\/h3>\n<p>Zu den Schulhalbjahren bieten wir in regelm\u00e4\u00dfigen Abst\u00e4nden einen neuen Ausbildungskurs in Kooperation mit der Musikschule Walld\u00fcrn an.<br \/>\nDie wichtigsten Details zur musikalischen Ausbildung werden <a title=\"Ausbildung in Theorie &amp; Praxis\" href=\"https:\/\/www.musikkapelle-waldstetten.de\/?page_id=2936\" target=\"_blank\" rel=\"noopener\">hier<\/a> vorgestellt.<\/p>\n<p>Es sind alle musikbegeisterte Kinder ab 8 Jahren und gerne auch \u00e4ltere Jugendliche herzlich dazu eingeladen, ein Instrument in Theorie und Praxis<br \/>\nzu erlernen. Die Kurse starten immer regelm\u00e4\u00dfig zum Schulhalbjahr im Sommer oder Winter. Die Ausbildung dauert in der Regel 3-3,5 Jahre. <\/p>\n<p>Bei Interesse bitte bei Simon Blau <a href=\"mailto:dirigent@musikkapelle-waldstetten.de\">(dirigent@musikkapelle-waldstetten.de)<\/a> oder Lisa-Marie Fieger <a href=\"mailto:jugendleiter@musikkapelle-waldstetten.de\">(jugendleiter@musikkapelle-waldstetten.de)<\/a> melden.<\/p>\n<p>&nbsp;<\/p>\n<h3 class=\"page-title\">Musikalische Events<\/h3>\n<p><img loading=\"lazy\" decoding=\"async\" class=\"alignnone size-full wp-image-3001\" alt=\"MK_Frueherziehung\" src=\"https:\/\/musikkapelle-waldstetten.de\/wp-content\/uploads\/2020\/07\/MK_Frueherziehung.png\" width=\"968\" height=\"323\" \/><\/p>\n<p>Mit dem Programm &#8222;Musikalische Events&#8220; m\u00f6chten wir neben der Instrumentalausbildung auch die soziale Bindung der Nachwuchsmusiker st\u00e4rken.<br \/>\nDazu bieten wir ab September 2020 regelm\u00e4\u00dfig abwechslungsreiche Aktionen wie Spiele, Ausfl\u00fcge, musikalischen Aktivit\u00e4ten und Projekte an.<br \/>\n<a title=\"Musikalische Events\" href=\"https:\/\/www.musikkapelle-waldstetten.de\/?page_id=3003\" target=\"_blank\" rel=\"noopener\">&#8222;Weiterlesen&#8230;&#8220; <\/a><\/p>\n<p>&nbsp;<\/p>\n<h3 class=\"page-title\">Erstes Musikalisches Abenteuer 2020<\/h3>\n<p><img loading=\"lazy\" decoding=\"async\" src=\"https:\/\/musikkapelle-waldstetten.de\/wp-content\/uploads\/2018\/08\/MK_Musikalisches-Abenteuer.jpg\" alt=\"MK_Musikalisches-Abenteuer\" width=\"968\" height=\"470\" \/><\/p>\n<p>Am 10.10.2020 fand unser erstes Musikalisches Abenteuer f\u00fcr Kinder im Alter von 5-11 Jahren statt. Wir besuchten das Wildgehege in Walld\u00fcrn<br \/>\nund hatten einen sch\u00f6nen Vormittag. <a title=\"Bericht\" href=\"https:\/\/www.musikkapelle-waldstetten.de\/?page_id=340&amp;report=65\">Weiterlesen&#8230;<\/a><\/p>\n<p>&nbsp;<\/p>\n<h3 class=\"page-title\">Weihnachtsfeier 2019<\/h3>\n<p><img loading=\"lazy\" decoding=\"async\" class=\"alignnone size-full wp-image-3266\" alt=\"MK_Weihnachtsfeier_2019_Preview2\" src=\"https:\/\/musikkapelle-waldstetten.de\/wp-content\/uploads\/2020\/07\/MK_Weihnachtsfeier_2019_Preview2.jpg\" width=\"968\" height=\"470\" \/><\/p>\n<p>Am 10.12.2019 hielten wir eine kleine Weihnachtsfeier mit unseren J\u00fcngsten im Bunde ab und hatten viel Spiel, Spa\u00df und weihnachtliche<br \/>\nLeckereien. <a title=\"Bericht\" href=\"https:\/\/www.musikkapelle-waldstetten.de\/?page_id=340&amp;report=60\">Weiterlesen&#8230;<\/a><\/p>\n<p>&nbsp;<\/p>\n<h3 class=\"page-title\">In der Weihnachtsb\u00e4ckerei&#8230;<\/h3>\n<p><img loading=\"lazy\" decoding=\"async\" class=\"alignnone size-full wp-image-3266\" alt=\"MK_Adventsmarkt_2019_Preview\" src=\"https:\/\/musikkapelle-waldstetten.de\/wp-content\/uploads\/2020\/07\/MK_Adventsmarkt_2019_Preview1.jpg\" width=\"968\" height=\"470\" \/><\/p>\n<p>Auch beim Jubil\u00e4um &#8222;50 Jahre Fuchsenloch&#8220; waren unsere j\u00fcngsten Musiker aktiv dabei und f\u00e4rbten das Klangbild der weihnachtlichen<br \/>\nLiedern positv mit ihren Bl\u00f6ckfl\u00f6ten. <a title=\"Bericht\" href=\"https:\/\/www.musikkapelle-waldstetten.de\/?page_id=340&amp;report=59\">Weiterlesen&#8230;<\/a><\/p>\n<p>&nbsp;<\/p>\n<h3 class=\"page-title\">Tag der Jugendblasmusik 2019<\/h3>\n<p><img loading=\"lazy\" decoding=\"async\" class=\"alignnone size-full wp-image-3150\" alt=\"MK-TdJb_2019_Preview\" src=\"https:\/\/musikkapelle-waldstetten.de\/wp-content\/uploads\/2020\/07\/MK-TdJb_2019_Preview.jpg\" width=\"968\" height=\"470\" \/><\/p>\n<p>Am Wochenende vom 19.-20. Oktober war es wieder soweit &#8211; der mittlerweile schon traditionielle Tag der Jugendblasmusik stand vor der T\u00fcr<br \/>\nund die Jugendlichen der f\u00fcnf Kapellen Bretzingen, H\u00f6pfingen, Schweinberg, Waldstetten und Walld\u00fcrn trafen sich in Schweinberg zum<br \/>\ngemeinsamen Proben und Lieder einzustudieren. <a title=\"Bericht\" href=\"https:\/\/www.musikkapelle-waldstetten.de\/?page_id=340&amp;report=57\">Weiterlesen&#8230;<\/a><\/p>\n<p>&nbsp;<\/p>\n<h3 class=\"page-title\">Mitwirkung beim Festbankett 60 Jahre Musikkapelle Waldstetten<\/h3>\n<p><img loading=\"lazy\" decoding=\"async\" class=\"alignnone size-full wp-image-3270\" alt=\"MK_Festbankett_2019_Preview\" src=\"https:\/\/musikkapelle-waldstetten.de\/wp-content\/uploads\/2020\/07\/MK_Festbankett_2019_Preview.jpg\" width=\"968\" height=\"470\" \/><\/p>\n<p>Auch an unserem diesj\u00e4hrigen Jubil\u00e4um 60 Jahre Musikkapelle Waldstetten durften die Sch\u00fcler der Musikalischen Fr\u00fcherziehung nicht fehlen.<br \/>\nZusammen mit der Kapelle f\u00fchrten sie das St\u00fcck &#8222;Sail&#8220; auf und brachten die Boomwhackers dabei richtig zur Geltung. <a title=\"Bericht\" href=\"https:\/\/www.musikkapelle-waldstetten.de\/?page_id=340&amp;report=50\">Weiterlesen&#8230;<\/a><\/p>\n<p>&nbsp;<\/p>\n<h3 class=\"page-title\">Weihnachtsfeier 2018<\/h3>\n<p><img loading=\"lazy\" decoding=\"async\" class=\"alignnone size-full wp-image-3266\" alt=\"MK_Weihnachtsfeier_2018_Preview\" src=\"https:\/\/musikkapelle-waldstetten.de\/wp-content\/uploads\/2018\/12\/MK_Weihnachtsfeier_2018_Preview1.jpg\" width=\"968\" height=\"470\" srcset=\"https:\/\/musikkapelle-waldstetten.de\/wp-content\/uploads\/2018\/12\/MK_Weihnachtsfeier_2018_Preview1.jpg 968w, https:\/\/musikkapelle-waldstetten.de\/wp-content\/uploads\/2018\/12\/MK_Weihnachtsfeier_2018_Preview1-300x145.jpg 300w\" sizes=\"auto, (max-width: 968px) 100vw, 968px\" \/><\/p>\n<p>Am Dienstag, den 18.12.2018, veranstalteten wir f\u00fcr die J\u00fcngsten der Musikkapelle eine kleine Weihnachtsfeier mit viel Spiel und Spa\u00df<br \/>\nund kreativen Weihnachtsleckereien. <a title=\"Bericht\" href=\"https:\/\/www.musikkapelle-waldstetten.de\/?page_id=340&amp;report=46\">Weiterlesen&#8230;<\/a><\/p>\n<p>&nbsp;<\/p>\n<h3 class=\"page-title\">Mitwirkung beim Adventskonzert 2018<\/h3>\n<p><img loading=\"lazy\" decoding=\"async\" class=\"alignnone size-full wp-image-3270\" alt=\"MK_Adventskonzert_2018_Preview\" src=\"https:\/\/musikkapelle-waldstetten.de\/wp-content\/uploads\/2018\/12\/MK_Adventskonzert_2018_Preview.jpg\" width=\"968\" height=\"470\" srcset=\"https:\/\/musikkapelle-waldstetten.de\/wp-content\/uploads\/2018\/12\/MK_Adventskonzert_2018_Preview.jpg 968w, https:\/\/musikkapelle-waldstetten.de\/wp-content\/uploads\/2018\/12\/MK_Adventskonzert_2018_Preview-300x145.jpg 300w\" sizes=\"auto, (max-width: 968px) 100vw, 968px\" \/><\/p>\n<p>An unserem diesj\u00e4hrigen Adventskonzert hatten die Sch\u00fcler der Musikalischen Fr\u00fcherziehung ihren ersten gro\u00dfen Auftritt. Zusammen mit den<br \/>\nbeiden Jungmusikern Chiara und Nina spielten sie das bekannte Winterlied &#8222;Leise rieselt der Schnee&#8220; und sorgten mit den Boomwhackers<br \/>\nf\u00fcr den richtigen Rhythmus. <a title=\"Bericht\" href=\"https:\/\/www.musikkapelle-waldstetten.de\/?page_id=340&amp;report=45\">Weiterlesen&#8230;<\/a><\/p>\n<p>&nbsp;<\/p>\n<h3 class=\"page-title\">Tag der Jugendblasmusik 2018<\/h3>\n<p><img loading=\"lazy\" decoding=\"async\" class=\"alignnone size-full wp-image-3150\" alt=\"MK-TdJb_2018_Preview\" src=\"https:\/\/musikkapelle-waldstetten.de\/wp-content\/uploads\/2018\/12\/MK-TdJb_2018_Preview.jpg\" width=\"968\" height=\"470\" srcset=\"https:\/\/musikkapelle-waldstetten.de\/wp-content\/uploads\/2018\/12\/MK-TdJb_2018_Preview.jpg 968w, https:\/\/musikkapelle-waldstetten.de\/wp-content\/uploads\/2018\/12\/MK-TdJb_2018_Preview-300x145.jpg 300w\" sizes=\"auto, (max-width: 968px) 100vw, 968px\" \/><\/p>\n<p>Am Wochenende vom 07.-08. Oktober fand wieder der bew\u00e4hrte Tag der Jugendblasmusik statt und die Jugendlichen der umliegenden<br \/>\nKapellen Bretzingen, H\u00f6pfingen, Schweinberg, Waldstetten und Walld\u00fcrn trafen sich in Hainstadt zum gemeinsamen Proben und Lieder<br \/>\neinzustudieren. <a title=\"Bericht\" href=\"https:\/\/www.musikkapelle-waldstetten.de\/?page_id=340&amp;report=43\">Weiterlesen&#8230;<\/a><\/p>\n<p>&nbsp;<\/p>\n<h3 class=\"page-title\">Schnuppertag 2018<\/h3>\n<p><img loading=\"lazy\" decoding=\"async\" class=\"alignnone size-full wp-image-2955\" alt=\"MK-Schnuppertag_2018_Preview\" src=\"https:\/\/musikkapelle-waldstetten.de\/wp-content\/uploads\/2018\/08\/MK-Schnuppertag_2018_Preview.jpg\" width=\"968\" height=\"470\" srcset=\"https:\/\/musikkapelle-waldstetten.de\/wp-content\/uploads\/2018\/08\/MK-Schnuppertag_2018_Preview.jpg 968w, https:\/\/musikkapelle-waldstetten.de\/wp-content\/uploads\/2018\/08\/MK-Schnuppertag_2018_Preview-300x145.jpg 300w\" sizes=\"auto, (max-width: 968px) 100vw, 968px\" \/><\/p>\n<p>Am 21.07.2018 veranstaltete die Musikkapelle Waldstetten das erste Mal einen Schnuppertag f\u00fcr Musik interessierte Kinder und Jugendliche.<br \/>\nDie spielerische Vorstellung von Orchester und Instrumenten sorgte f\u00fcr Begeisterung und positive Resonanz. <a title=\"Bericht\" href=\"https:\/\/www.musikkapelle-waldstetten.de\/?page_id=340&amp;report=40\">Weiterlesen&#8230;<\/a><\/p>\n<p>&nbsp;<\/p>\n<h3 class=\"page-title\">Unsere Jugendleiterin<\/h3>\n<p>Lisa-Marie Fieger<br \/>\n<a href=\"mailto:jugendleiter@musikkapelle-waldstetten.de\">jugendleiter@musikkapelle-waldstetten.de<\/a><\/p>\n<p>&nbsp;<\/p>\n<h3 class=\"page-title\">Weitere Ansprechpartner<\/h3>\n<p>Dirigent Simon Blau<br \/>\nDirigent Wolfgang W\u00f6rner<br \/>\nVorstand Alexander W\u00f6rner<br \/>\nDaniela Heffner<\/p>\n","protected":false},"excerpt":{"rendered":"<p>&nbsp; Neuer Ausbildungskurs in Kooperation mit der Musikschule Walld\u00fcrn Zu den Schulhalbjahren bieten wir in regelm\u00e4\u00dfigen Abst\u00e4nden einen neuen Ausbildungskurs in Kooperation mit der Musikschule Walld\u00fcrn an. Die wichtigsten Details zur musikalischen Ausbildung werden hier vorgestellt. Es sind alle musikbegeisterte Kinder ab 8 Jahren und gerne auch \u00e4ltere Jugendliche herzlich dazu eingeladen, ein Instrument in<\/p>\n","protected":false},"author":1,"featured_media":0,"parent":0,"menu_order":0,"comment_status":"open","ping_status":"open","template":"template-fullwidth.php","meta":{"ngg_post_thumbnail":0,"footnotes":""},"class_list":["post-2805","page","type-page","status-publish","hentry"],"_links":{"self":[{"href":"https:\/\/musikkapelle-waldstetten.de\/index.php?rest_route=\/wp\/v2\/pages\/2805","targetHints":{"allow":["GET"]}}],"collection":[{"href":"https:\/\/musikkapelle-waldstetten.de\/index.php?rest_route=\/wp\/v2\/pages"}],"about":[{"href":"https:\/\/musikkapelle-waldstetten.de\/index.php?rest_route=\/wp\/v2\/types\/page"}],"author":[{"embeddable":true,"href":"https:\/\/musikkapelle-waldstetten.de\/index.php?rest_route=\/wp\/v2\/users\/1"}],"replies":[{"embeddable":true,"href":"https:\/\/musikkapelle-waldstetten.de\/index.php?rest_route=%2Fwp%2Fv2%2Fcomments&post=2805"}],"version-history":[{"count":183,"href":"https:\/\/musikkapelle-waldstetten.de\/index.php?rest_route=\/wp\/v2\/pages\/2805\/revisions"}],"predecessor-version":[{"id":6348,"href":"https:\/\/musikkapelle-waldstetten.de\/index.php?rest_route=\/wp\/v2\/pages\/2805\/revisions\/6348"}],"wp:attachment":[{"href":"https:\/\/musikkapelle-waldstetten.de\/index.php?rest_route=%2Fwp%2Fv2%2Fmedia&parent=2805"}],"curies":[{"name":"wp","href":"https:\/\/api.w.org\/{rel}","templated":true}]}}