{"id":244,"date":"2014-04-05T09:39:11","date_gmt":"2014-04-05T09:39:11","guid":{"rendered":"http:\/\/wordpress.musikkapelle-waldstetten.de\/?page_id=244"},"modified":"2023-02-04T16:34:03","modified_gmt":"2023-02-04T16:34:03","slug":"wir-ueber-uns","status":"publish","type":"page","link":"https:\/\/musikkapelle-waldstetten.de\/?page_id=244","title":{"rendered":"\u00dcber uns"},"content":{"rendered":"<style type=\"text\/css\"><!--\n.vorstand {margin-top:0px; margin-bottom:0px; padding-top:0px; padding-bottom:0px;}\n--><\/style>\n<h3 class=\"page-title\"><img loading=\"lazy\" decoding=\"async\" class=\"alignleft  wp-image-1422\" alt=\"Grafik_Leitgedanke\" src=\"https:\/\/musikkapelle-waldstetten.de\/wp-content\/uploads\/2019\/10\/Grafik_Leitgedanke.png\" width=\"310\" height=\"450\" \/><\/h3>\n<h2 class=\"page-title\">Was bedeutet die Musikkapelle Waldstetten?<\/h2>\n<p>Die Musikkapelle ist seit ihrer Gr\u00fcndung im Jahr 1959 ein wichtiger und fester Bestandteil des kulturellen Lebens in Waldstetten. Von Beginn an galt es, Prozessionen, Gottesdienste, die j\u00e4hrliche Wallfahrt und die Erstkommunion musikalisch zu umrahmen. Seit 1959 nahm die Kapelle an \u00fcber 400 kirchlichen Festlichkeiten teil &#8211; bis heute somit ein bedeutender Anteil unserer Auftritte.<\/p>\n<p>Gro\u00dfe Highlights und Akzente werden mit j\u00e4hrlich stattfindenden Konzerten gesetzt. Ganz gleich ob eine Serenade im Rathaushof, Fr\u00fchlingskonzerte in der Turnhalle sowie in der Kirche oder auch Adventskonzerte &#8211; es gibt immer eine abwechslungsreiche Mischung. Ein weiterer H\u00f6hepunkt ist die im Herbst stattfindende Stedemer Kerwe, die mittlerweile weit \u00fcber Waldstetten hinaus f\u00fcr ihre gute und heitere Stimmung bekannt ist.<\/p>\n<h3 class=\"page-title\">Doch was bedeutet die Musikkapelle f\u00fcr Ihre Aktiven\u200a?<\/h3>\n<p>Im Winter 2017\u2006\/\u200618 wurde bei einer Umfrage mit dem Titel \u201eGemeinsam f\u00fcr unsere Zukunft\u201c eben jene Frage den Mitgliedern gestellt. Die meistgenannten Antworten finden sich in der Grafik wieder.<\/p>\n<p>Die Musikkapelle verbindet Jung und Alt. Das j\u00fcngste Mitglied, Antonia Nied, ist gerade einmal 8 Jahre jung, das \u00e4lteste Mitglied, Wolfgang W\u00f6rner, 65 Jahre alt. Es ist ein Spagat, die Interessen und Vorlieben der verschiedenen Generationen zu verbinden &#8211; besonders auch f\u00fcr die musikalische Leitung.<\/p>\n<p>Wolfgang W\u00f6rner und Simon Blau schaffen dies mit den unterschiedlichen musikalischen Stilrichtungen, denn f\u00fcr jeden ist etwas dabei. Das Repertoire von Marsch \u00fcber Polka und Unterhaltungsmusik bis hin zu modernen, rockigen Hits bietet ein breites Spektrum &#8211; f\u00fcr die Musiker und die Zuh\u00f6rer. Oftmals ist die Liedauswahl ein Kompromiss, den die J\u00fcngeren und \u00c4lteren gegenseitig tolerieren. Das wiederum st\u00e4rkt auch den Zusammenhalt und das gegenseitige Verst\u00e4ndnis im Verein.<\/p>\n<p>Der Zusammenhalt wird ebenfalls durch viele gemeinsame musikalische Events und Freizeit-Aktivit\u00e4ten gest\u00e4rkt. Gemeinsam etwas erleben schwei\u00dft zusammen. Tiefe Freundschaften sind somit im Lauf der Zeit entstanden. Geselligkeit und Spa\u00df in der Kapelle sind ein Ausgleich zum Alltag. F\u00fcr viele, auch mittlerweile nicht mehr Ortsans\u00e4ssige, ist sie zudem ein St\u00fcck Heimat und vermittelt durch die freitags stattfindende Musikprobe ein Gef\u00fchl von Wochenende. Und wo verbringt man das Wochenende lieber als unter Freunden?<\/p>\n<h3 class=\"page-title\">Wir sind die Musikkapelle\u200a!<\/h3>\n","protected":false},"excerpt":{"rendered":"<p>Was bedeutet die Musikkapelle Waldstetten? Die Musikkapelle ist seit ihrer Gr\u00fcndung im Jahr 1959 ein wichtiger und fester Bestandteil des kulturellen Lebens in Waldstetten. Von Beginn an galt es, Prozessionen, Gottesdienste, die j\u00e4hrliche Wallfahrt und die Erstkommunion musikalisch zu umrahmen. Seit 1959 nahm die Kapelle an \u00fcber 400 kirchlichen Festlichkeiten teil &#8211; bis heute somit<\/p>\n","protected":false},"author":1,"featured_media":0,"parent":0,"menu_order":0,"comment_status":"closed","ping_status":"closed","template":"template-fullwidth.php","meta":{"ngg_post_thumbnail":0,"footnotes":""},"class_list":["post-244","page","type-page","status-publish","hentry"],"_links":{"self":[{"href":"https:\/\/musikkapelle-waldstetten.de\/index.php?rest_route=\/wp\/v2\/pages\/244","targetHints":{"allow":["GET"]}}],"collection":[{"href":"https:\/\/musikkapelle-waldstetten.de\/index.php?rest_route=\/wp\/v2\/pages"}],"about":[{"href":"https:\/\/musikkapelle-waldstetten.de\/index.php?rest_route=\/wp\/v2\/types\/page"}],"author":[{"embeddable":true,"href":"https:\/\/musikkapelle-waldstetten.de\/index.php?rest_route=\/wp\/v2\/users\/1"}],"replies":[{"embeddable":true,"href":"https:\/\/musikkapelle-waldstetten.de\/index.php?rest_route=%2Fwp%2Fv2%2Fcomments&post=244"}],"version-history":[{"count":103,"href":"https:\/\/musikkapelle-waldstetten.de\/index.php?rest_route=\/wp\/v2\/pages\/244\/revisions"}],"predecessor-version":[{"id":5230,"href":"https:\/\/musikkapelle-waldstetten.de\/index.php?rest_route=\/wp\/v2\/pages\/244\/revisions\/5230"}],"wp:attachment":[{"href":"https:\/\/musikkapelle-waldstetten.de\/index.php?rest_route=%2Fwp%2Fv2%2Fmedia&parent=244"}],"curies":[{"name":"wp","href":"https:\/\/api.w.org\/{rel}","templated":true}]}}

Über uns

<style type="text/css"><!--
.vorstand {margin-top:0px; margin-bottom:0px; padding-top:0px; padding-bottom:0px;}
--></style>
<h3 class="page-title"><img loading="lazy" decoding="async" class="alignleft  wp-image-1422" alt="Grafik_Leitgedanke" src="https://musikkapelle-waldstetten.de/wp-content/uploads/2019/10/Grafik_Leitgedanke.png" width="310" height="450" /></h3>
<h2 class="page-title">Was bedeutet die Musikkapelle Waldstetten?</h2>
<p>Die Musikkapelle ist seit ihrer Gründung im Jahr 1959 ein wichtiger und fester Bestandteil des kulturellen Lebens in Waldstetten. Von Beginn an galt es, Prozessionen, Gottesdienste, die jährliche Wallfahrt und die Erstkommunion musikalisch zu umrahmen. Seit 1959 nahm die Kapelle an über 400 kirchlichen Festlichkeiten teil &#8211; bis heute somit ein bedeutender Anteil unserer Auftritte.</p>
<p>Große Highlights und Akzente werden mit jährlich stattfindenden Konzerten gesetzt. Ganz gleich ob eine Serenade im Rathaushof, Frühlingskonzerte in der Turnhalle sowie in der Kirche oder auch Adventskonzerte &#8211; es gibt immer eine abwechslungsreiche Mischung. Ein weiterer Höhepunkt ist die im Herbst stattfindende Stedemer Kerwe, die mittlerweile weit über Waldstetten hinaus für ihre gute und heitere Stimmung bekannt ist.</p>
<h3 class="page-title">Doch was bedeutet die Musikkapelle für Ihre Aktiven ?</h3>
<p>Im Winter 2017 / 18 wurde bei einer Umfrage mit dem Titel „Gemeinsam für unsere Zukunft“ eben jene Frage den Mitgliedern gestellt. Die meistgenannten Antworten finden sich in der Grafik wieder.</p>
<p>Die Musikkapelle verbindet Jung und Alt. Das jüngste Mitglied, Antonia Nied, ist gerade einmal 8 Jahre jung, das älteste Mitglied, Wolfgang Wörner, 65 Jahre alt. Es ist ein Spagat, die Interessen und Vorlieben der verschiedenen Generationen zu verbinden &#8211; besonders auch für die musikalische Leitung.</p>
<p>Wolfgang Wörner und Simon Blau schaffen dies mit den unterschiedlichen musikalischen Stilrichtungen, denn für jeden ist etwas dabei. Das Repertoire von Marsch über Polka und Unterhaltungsmusik bis hin zu modernen, rockigen Hits bietet ein breites Spektrum &#8211; für die Musiker und die Zuhörer. Oftmals ist die Liedauswahl ein Kompromiss, den die Jüngeren und Älteren gegenseitig tolerieren. Das wiederum stärkt auch den Zusammenhalt und das gegenseitige Verständnis im Verein.</p>
<p>Der Zusammenhalt wird ebenfalls durch viele gemeinsame musikalische Events und Freizeit-Aktivitäten gestärkt. Gemeinsam etwas erleben schweißt zusammen. Tiefe Freundschaften sind somit im Lauf der Zeit entstanden. Geselligkeit und Spaß in der Kapelle sind ein Ausgleich zum Alltag. Für viele, auch mittlerweile nicht mehr Ortsansässige, ist sie zudem ein Stück Heimat und vermittelt durch die freitags stattfindende Musikprobe ein Gefühl von Wochenende. Und wo verbringt man das Wochenende lieber als unter Freunden?</p>
<h3 class="page-title">Wir sind die Musikkapelle !</h3>

<p>Was bedeutet die Musikkapelle Waldstetten? Die Musikkapelle ist seit ihrer Gründung im Jahr 1959 ein wichtiger und fester Bestandteil des kulturellen Lebens in Waldstetten. Von Beginn an galt es, Prozessionen, Gottesdienste, die jährliche Wallfahrt und die Erstkommunion musikalisch zu umrahmen. Seit 1959 nahm die Kapelle an über 400 kirchlichen Festlichkeiten teil &#8211; bis heute somit</p>
